- 526 = -3*o, d + 716 = 4*o - d. Is o prime?
False
Suppose 0*i - 2*i = 8. Is 67 - (-1 + -1 - i) a prime number?
False
Is (-5700)/(-18) + 2/6 a composite number?
False
Suppose 2*n + 3*n = 635. Is n prime?
True
Let s = -7 - -11. Suppose s*x - 31 = -7. Suppose 3*n - 51 = x. Is n prime?
True
Let v = -11 - -16. Suppose v*d - 6*d = -13. Is d composite?
False
Suppose f = -4*f + 2245. Is f a composite number?
False
Let b = 24 - 5. Suppose -4*s - b = -0*q - q, 2*q = -4*s + 38. Is q prime?
True
Let x be (10/4)/(8/16). Suppose 3*p - 4*p = -2*j - 112, x*j = -15. Is p a prime number?
False
Suppose 10*x - 1590 = 6100. Is x composite?
False
Let g(h) = 37*h**2 + 4*h + 1. Is g(3) prime?
False
Let d(q) = -114*q + 59. Is d(-21) a composite number?
True
Let j = 12 - -70. Let x(g) = -2*g**2 - 4*g + 1. Let c be x(-6). Let n = c + j. Is n prime?
False
Let h(f) = -f**3 + 8*f**2 + 9*f + 5. Let u be h(9). Suppose 3*p - 1459 = y, u*p = 2*p - 3*y + 1443. Is p a composite number?
True
Let m = 363 - 130. Suppose -2*n - h = -m, 15 = -5*h - 10. Is n a composite number?
True
Let b be ((-2)/6)/((-4)/24). Suppose 2*d + 0*d - 10 = -5*u, b*u = -5*d + 25. Suppose -n = q + 3*q - 3, -n - 3*q + 8 = u. Is n a composite number?
False
Let f = 9 - 4. Let s(w) = 279*w + 3. Let u be s(2). Suppose -f*p = 3*b - u, -6*b + 4*b + 448 = 4*p. Is p a composite number?
True
Let f = -3 - -1. Let c be ((-21)/(-14))/(f/112). Let r = 169 + c. Is r a composite number?
True
Let v = 9 + -9. Suppose -4*m + 5*g + 210 = v, 0 = -4*m + m - 5*g + 175. Is m a composite number?
True
Suppose -2*t - 5*s = 0, -4*t + s - 2*s - 18 = 0. Let y = 3 + t. Let q(a) = -35*a - 3. Is q(y) a prime number?
True
Suppose 6*j - 12 = 3*j. Let b(v) = -v**3 - 6*v**2 - 2*v - 3. Let o be b(-6). Suppose j*f - o = -2*s + 9, -75 = -5*s + 5*f. Is s a prime number?
True
Let y(w) = -w**3 - 3*w**2 + 6*w - 9. Is y(-7) prime?
False
Let b be (-4)/6 - (-119)/21. Suppose -2629 = -b*j + 726. Is j prime?
False
Let w = -15 - -1. Let f = -29 - w. Is ((-5)/f)/((-2)/(-498)) composite?
False
Let y(u) = u**2 - 6*u + 2. Let s be y(5). Let v = -1 - s. Suppose -v*p + 4 = 3*r - 50, 5*r = 2*p - 86. Is p a composite number?
True
Let w = 13 + -19. Let f = 16 + w. Is f composite?
True
Suppose 3*t = -4*n - 26 - 34, -t + 40 = -2*n. Let h be n/(-3) + 2/(-2). Let k(v) = v**2 - v - 5. Is k(h) prime?
False
Suppose 2*j - 29 = 5*x, 12 = -3*j - 4*x - 2. Is ((-251)/j)/(2/(-4)) a composite number?
False
Let h = 337 + -118. Is h composite?
True
Is (1/2)/((-7)/14)*-2051 a composite number?
True
Let a(y) = -4*y + 9. Suppose 5*v + l - 81 = v, -3*v - 3*l + 54 = 0. Suppose 7 = 2*q + v. Is a(q) a prime number?
True
Is 4/14 + 97983/133 composite?
True
Suppose -1 = -2*k + 2*d + 13, -5*k + 8 = 4*d. Suppose -3*b = -k*z + 133, -3*z + 5*z = -4*b + 94. Is z a composite number?
False
Let f(o) = 15*o**3 + 4*o**2 + 2. Let r be f(5). Suppose 4*m + 2*b = -0*m + 1596, 2*b + r = 5*m. Is m a prime number?
True
Let z be 8 + -3 - 2 - -2. Suppose z*v - 415 = 5*w, -6*v + 5*w + 249 = -3*v. Is v a composite number?
False
Let q(o) = -o. Suppose 5*b + 3 = 4*b. Let j be q(b). Suppose -j*w - 5*l = -263, 3*w = 8*w + l - 453. Is w a composite number?
True
Let z(a) = 6*a**3 - a + 1. Let g be z(1). Let h be ((-4)/g)/((-3)/9). Suppose -h*l = 2*l - 76. Is l prime?
True
Let q = 4 - 2. Suppose -q*s + 8 = 2*s. Is (-50)/((-2)/s*2) a prime number?
False
Suppose 2*a + 2*g = 6278, -3*a - 4*g + 4781 + 4634 = 0. Let d be a/7 - (-18)/63. Suppose 2*r - 7*r + 334 = 3*u, -d = -4*u - 3*r. Is u a composite number?
False
Suppose 3*c = 2*c + 249. Is c a composite number?
True
Let v(b) = 5*b**2 + 2*b. Let s be v(2). Let m = s - -1. Is m a prime number?
False
Let c(b) = b - 2. Let u be c(6). Suppose -u*i + 61 = -71. Is i a prime number?
False
Let r be -2 + -1 + (288 - -9). Suppose 2*g - r = -3*g - 3*p, -3*g + 3*p = -162. Is g a prime number?
False
Let x(f) = -15*f - 9. Let r be x(-8). Let s = 206 - r. Is s composite?
True
Suppose 4*d - 3*d = 0. Is d - -3 - 1 - -87 prime?
True
Let a be ((-1)/3)/(13/429). Let n(z) = -20*z - 9. Is n(a) prime?
True
Suppose -5*d + 4*d + 12 = 0. Suppose 2*y = -2*y + 12. Suppose 5*c + y*b = 44 - 14, -d = -3*c - 3*b. Is c prime?
False
Let l(q) = 18*q - 5. Is l(12) a composite number?
False
Let d = 4 - 0. Suppose 456 = m - d*m. Let l = 411 + m. Is l composite?
True
Suppose 514 = d - 355. Is d prime?
False
Suppose -601 = -2*p - 5*o + 588, 0 = -5*o + 15. Is p prime?
True
Suppose 0 = -0*j - 2*j + 170. Let p = -11 + j. Is p a prime number?
False
Suppose 3 = -b + 8. Suppose -3*s = -h - 877, -4*h - 101 = -b*s + 1356. Is s a prime number?
True
Let z(u) = u. Let t be z(4). Suppose -m - 3*m + i = 0, 0 = 4*m + t*i. Is ((m - 0) + 37)/1 a prime number?
True
Suppose 5*z - 1107 = -7*t + 3*t, -675 = -3*z + 3*t. Is z a composite number?
False
Let j be (585/(-6))/(2/4). Let d = j - -276. Is 2/(d/(-83) - -1) prime?
True
Let g be 2/(1/2*-4). Let w(f) = 148*f**2 - f. Is w(g) composite?
False
Let t = 1604 + -1023. Is t a composite number?
True
Let s(v) = -v**3 - 8*v**2 + 8*v - 5. Let i be s(-9). Suppose 0*y - 24 = -i*y. Let l = y - -1. Is l a prime number?
True
Suppose -12 = -2*n - 4*i - 2, 0 = 5*n - 3*i - 12. Is (-100)/12*n/(-1) prime?
False
Suppose -i = -5*i. Suppose -k - 5 = -4*o + 8, i = 4*o - 2*k - 18. Suppose 0 = o*a + 3*a - 295. Is a composite?
False
Let g(p) = 7*p**2 + 7*p - 13. Is g(-8) a composite number?
False
Is 47625/35 - (-8)/28 composite?
False
Let f(p) = p - p**3 - 13*p + 2*p**2 - 13*p**2 - 11. Let u be f(-9). Let o = -28 - u. Is o prime?
True
Let m(k) = -241*k - 19. Is m(-10) prime?
False
Let m(t) = t**2 - 12*t + 6. Let i be 0/1 - (-1 + -11). Is m(i) composite?
True
Suppose 0 = k - 3, l = -3*l + 2*k + 878. Is l composite?
True
Let i(z) = 4*z + 9. Let c(f) = f**2 - 4*f - 2. Let s be c(6). Is i(s) a prime number?
False
Let k(d) = 2*d - 18. Let i be k(12). Suppose 0 = g + 2*g + i. Is g + (-6)/(-3) - -38 prime?
False
Suppose 5*o = -0*o. Is (-1)/(o + (-3)/231) a prime number?
False
Let t(s) = 4*s**2 - s. Let k be t(-1). Let u be (12/10)/(2/k). Suppose w - 3 = -3*b + b, b = u*w - 44. Is w a prime number?
True
Is (-7064)/(-24) + (-4)/3 a prime number?
True
Let c(b) = b**2 + 6*b - 3. Is c(4) a prime number?
True
Let b = 12 - 5. Let y = 1 - b. Is (-10)/15 + (-322)/y prime?
True
Let c = 157 + 150. Is c a composite number?
False
Is 78/4*20/15 prime?
False
Suppose 5*u - 3375 = 5*s, -2*s = -2*u - 3*u + 3390. Suppose 0 = -2*b + 8, -4*w - b + u = 3*b. Let y = w + -113. Is y prime?
True
Suppose 3*a + 79 = -56. Let p = a - -72. Let z = -13 + p. Is z composite?
True
Let j(h) = h**3 + 5*h**2 - h - 6. Let u be j(-5). Is u - (58 + 1)*-1 prime?
False
Let o = 251 - -248. Is o composite?
False
Suppose -5*t - 6 = 4*f, 3*t - 6 = -2*f + 5*t. Let i be (f - 2) + (4 - 2). Suppose -r + 2 = -i. Is r a prime number?
True
Let c(j) = -j - 2. Let d be c(-3). Let q be 20 - d/((-1)/(-2)). Suppose -4*k + k + q = 0. Is k a composite number?
True
Is 39/15 + -3 + 1194/10 composite?
True
Suppose -3*w + 4*o - 13 = 3, 4*o - 16 = 5*w. Let j = w + 0. Suppose j*q + q = 11. Is q prime?
True
Let k = 142 + -83. Is k composite?
False
Let t = 8 - -11. Let a = t + 58. Is a a composite number?
True
Suppose -2*v + 3 = -c, -2*v - 3 + 7 = 0. Let p be -2 + c*(2 - -1). Is 32/p + (-4)/(-2) a composite number?
True
Let h(g) = -15*g**3 + 9*g**2 - 7*g - 11. Let o(z) = 7*z**3 - 5*z**2 + 3*z + 5. Let x = -15 + 9. Let b(j) = x*h(j) - 13*o(j). Is b(8) a composite number?
True
Suppose -5*i + 20 = -5*a - 15, 2*i = -2*a - 26. Let v = a - -41. Is v a composite number?
False
Let r(i) be the third derivative of 0 + 0*i - 2*i**2 - 5/6*i**3 - 1/8*i**4 + 1/15*i**5 + 1/120*i**6. Is r(-4) a composite number?
False
Let j(z) = 4*z**2 - 6*z - 11. Let f be j(-9). Let l = f + -208. Is l composite?
True
Suppose 0*i - q = -5*i + 951, -4*q + 780 = 4*i. Is i a prime number?
True
Let t = 420 - 250. Suppose 4*n - 311 = -3*l, -3*n + 64 = 3*l - t. Is n a prime number?
False
Let p(z) = 3*z**3 + 7*z**2 - 8*z - 1. Is p(5) prime?
True
Suppose -879 = -4*z + z. Is z a prime number?
True
Let y = 878 - 249. Is y a composite number?
True
Suppose 2*x = 4*k - x + 714, 3*k - 2*x + 535 = 0. Let h = -126 - k. Is h prime?
False
Suppose 3*u - 7*u = 0. Let h(r) = -r**3 + 5*r**2 + 2*r - 5. Let k be h(5). Suppose 